0?
True
Does 220 divide 86680?
True
Is 856 a multiple of 19?
False
Is 5136 a multiple of 45?
False
Is 37 a factor of 629?
True
Does 10 divide 18773?
False
Is 1047 a multiple of 118?
False
Is 14600 a multiple of 19?
False
Is 1487 a multiple of 48?
False
Is 389 a multiple of 10?
False
Is 882 a multiple of 5?
False
Is 196 a factor of 34888?
True
Is 5 a factor of 1540?
True
Does 12 divide 10380?
True
Is 31 a factor of 3627?
True
Does 9 divide 3033?
True
Is 15 a factor of 3102?
False
Is 9 a factor of 2052?
True
Is 3606 a multiple of 8?
False
Does 131 divide 22008?
True
Does 121 divide 4356?
True
Is 135419 a multiple of 20?
False
Is 10 a factor of 1090?
True
Does 55 divide 47271?
False
Does 41 divide 1066?
True
Is 17 a factor of 1394?
True
Is 12 a factor of 840?
True
Does 12 divide 444?
True
Does 5 divide 50309?
False
Is 16 a factor of 8592?
True
Is 12 a factor of 588?
True
Does 82 divide 7118?
False
Is 1559 a multiple of 98?
False
Is 475 a multiple of 47?
False
Is 26 a factor of 1378?
True
Is 4362 a multiple of 36?
False
Is 57 a factor of 228?
True
Does 2 divide 1533?
False
Does 110 divide 8479?
False
Does 75 divide 30375?
True
Is 114760 a multiple of 19?
True
Is 43 a factor of 77314?
True
Is 27 a factor of 20052?
False
Is 12 a factor of 51?
False
Is 48 a factor of 43087?
False
Is 896 a multiple of 32?
True
Does 17 divide 39066?
True
Does 7 divide 182?
True
Is 55 a factor of 665?
False
Is 184 a multiple of 20?
False
Is 631 a multiple of 11?
False
Is 251 a factor of 31877?
True
Is 180 a multiple of 9?
True
Is 14300 a multiple of 11?
True
Is 266 a factor of 59318?
True
Is 71 a factor of 3398?
False
Is 23 a factor of 1196?
True
Does 21 divide 29511?
False
Is 7100 a multiple of 25?
True
Does 52 divide 16380?
True
Is 23 a factor of 198?
False
Is 8 a factor of 2865?
False
Is 21627 a multiple of 176?
False
Does 2 divide 79?
False
Is 1643 a multiple of 31?
True
Is 60 a factor of 5028?
False
Is 122 a factor of 2196?
True
Is 1575 a multiple of 102?
False
Is 35 a factor of 4655?
True
Is 13 a factor of 10922?
False
Does 27 divide 46?
False
Is 3197 a multiple of 23?
True
Is 60 a factor of 840?
True
Does 3 divide 1613?
False
Does 27 divide 132336?
False
Is 138 a factor of 7038?
True
Does 11 divide 64251?
True
Does 3 divide 277?
False
Is 28 a factor of 93856?
True
Does 92 divide 1684?
False
Is 52 a factor of 1092?
True
Does 29 divide 3103?
True
Is 9 a factor of 5138?
False
Does 3 divide 151?
False
Does 345 divide 3692?
False
Is 127 a factor of 16626?
False
Does 3 divide 3834?
True
Is 49268 a multiple of 226?
True
Is 7488 a multiple of 24?
True
Is 16017 a multiple of 3?
True
Does 50 divide 1950?
True
Is 72 a multiple of 20?
False
Is 2 a factor of 374?
True
Is 189 even?
False
Does 178 divide 14774?
True
Does 82 divide 1090?
False
Is 2926 a multiple of 11?
True
Does 11 divide 1034?
True
Is 165 a factor of 22770?
True
Is 16 a factor of 1984?
True
Does 22 divide 2572?
False
Does 16 divide 1632?
True
Is 28512 a multiple of 54?
True
Is 99 a factor of 3564?
True
Is 30525 a multiple of 33?
True
Does 2 divide 965?
False
Does 16 divide 272?
True
Is 1200 a multiple of 8?
True
Is 7 a factor of 2582?
False
Is 2 a factor of 35?
False
Is 12506 a multiple of 233?
False
Does 185 divide 6190?
False
Is 1786 a multiple of 94?
True
Is 37 a factor of 3649?
False
Is 807 a multiple of 12?
False
Is 82 a factor of 9178?
False
Is 1168 a multiple of 128?
False
Is 161460 a multiple of 15?
True
Is 170 a factor of 5715?
False
Does 80 divide 6880?
True
Does 78 divide 3735?
False
Does 19 divide 608?
True
Is 1993 a multiple of 5?
False
Does 69 divide 566?
False
Does 4 divide 7091?
False
Is 836 a multiple of 76?
True
Is 528 a multiple of 22?
True
Is 78 a multiple of 13?
True
Is 56064 a multiple of 96?
True
Does 17 divide 50?
False
Does 22 divide 101426?
False
Does 39 divide 1617?
False
Is 57 a factor of 9918?
True
Is 275 a multiple of 25?
True
Is 21 a factor of 845?
False
Is 12618 a multiple of 18?
True
Does 7 divide 7903?
True
Does 146 divide 102492?
True
Is 14 a factor of 8022?
True
Is 15098 a multiple of 95?
False
Is 21 a factor of 29841?
True
Is 35 a factor of 3535?
True
Is 715 a multiple of 11?
True
Is 660 a multiple of 44?
True
Does 85 divide 4930?
True
Is 1142 a multiple of 6?
False
Is 15 a factor of 50482?
False
Is 567 a multiple of 9?
True
Is 87 a factor of 18190?
False
Does 2 divide 366?
True
Does 26 divide 45?
False
Is 630 a multiple of 12?
False
Is 1434 a multiple of 21?
False
Is 590 a multiple of 5?
True
Is 21 a factor of 2793?
True
Does 111 divide 13320?
True
Does 6 divide 285?
False
Is 973 a multiple of 42?
False
Is 33 a factor of 3234?
True
Is 11641 a multiple of 2?
False
Is 95 a factor of 122075?
True
Is 219 a multiple of 44?
False
Is 7 a factor of 96313?
True
Does 30 divide 3180?
True
Does 25 divide 13350?
True
Does 9 divide 721?
False
Is 46 a factor of 3655?
False
Is 175 a multiple of 17?
False
Is 30429 a multiple of 23?
True
Is 29487 a multiple of 54?
False
Does 16 divide 5177?
False
Does 32 divide 1584?
False
Is 478 a multiple of 6?
False
Is 19320 a multiple of 8?
True
Is 103791 a multiple of 23?
False
Is 17 a factor of 20629?
False
Is 18 a factor of 25884?
True
Does 6 divide 354?
True
Does 10 divide 17410?
True
Is 14 a factor of 212?
False
Does 39 divide 1209?
True
Does 2 divide 113?
False
Is 48 a factor of 3888?
True
Is 3 a factor of 42?
True
Does 105 divide 1206?
False
Is 75360 a multiple of 32?
True
Does 9 divide 438?
False
Is 126 a multiple of 108?
False
Is 8 a factor of 24?
True
Is 233 a factor of 143630?
False
Is 26 a factor of 75?
False
Does 7 divide 54?
False
Does 5 divide 25?
True
Does 189 divide 76173?
False
Is 17 a factor of 454?
False
Is 49840 a multiple of 16?
True
Is 40432 a multiple of 326?
False
Is 5440 a multiple of 67?
False
Does 4 divide 712?
True
Is 6318 a multiple of 39?
True
Is 699 a multiple of 22?
False
Does 9 divide 44061?
False
Is 8 a factor of 5520?
True
Is 10 a factor of 1600?
True
Is 5 a factor of 4779?
False
Does 5 divide 303?
False
Is 58 a factor of 10556?
True
Is 357 even?
False
Does 4 divide 2124?
True
Is 8 a factor of 3984?
True
Is 525 a multiple of 5?
True
Does 11 divide 9570?
True
Is 65 a factor of 1965?
False
Is 7 a factor of 1297?
False
Is 9816 a multiple of 6?
True
Does 44 divide 4621?
False
Is 33 a factor of 1777?
False
Does 44 divide 9856?
True
Does 91 divide 1238?
False
Does 18 divide 232?
False
Is 24388 a multiple of 13?
True
Does 6 divide 132?
True
Is 926 a multiple of 6?
False
Does 11 divide 275?
True
Does 82 divide 12342?
False
Is 10 a factor of 306?
False
Does 15 divide 101?
False
Is 286 a multiple of 22?
True
Is 310 a multiple of 14?
False
Is 175 a multiple of 9?
False
Does 15 divide 2487?
False
Is 7 a factor of 3840?
False
Is 154 a multiple of 14?
True
Is 25 a factor of 3650?
True
Is 14256 a multiple of 9?
True
Does 19 divide 9880?
True
Is 54 a factor of 1162?
False
Is 11850 a multiple of 75?
True
Is 19 a factor of 2290?
False
Is 169 a factor of 2535?
True
Is 428 a multiple of 7?
False
Does 80 divide 1389?
False
Does 2 divide 308?
True
Is 8508 a multiple of 12?
True
Does 8 divide 2848?
True
Does 52 divide 793?
False
Is 24 a factor of 6192?
True
Is 17 a factor of 15062?
True
Is 219 a factor of 11388?
True
Does 15 divide 4980?
True
Does 30 divide 3914?
False
Is 13 a factor of 22295?
True
Is 2444 a multiple of 26?
True
Does 7 divide 653?
False
Does 8 divide 59?
False
Is 1722 a multiple of 21?
True
Is 553 a multiple of 4?
False
Does 23 divide 54280?
True
Is 1152 a multiple of 12?
True
Is 21840 a multiple of 112?
True
Does 29 divide 870?
True
Is 858 a multiple of 33?
True
Is 215 a factor of 3781?
False
Does 31 divide 5516?
False
Does 23 divide 8188?
True
Does 108 divide 1315?
False
Does 75 divide 7950?
True
Is 11 a factor of 1661?
True
Is 912 a multiple of 12?
True
Does 11 divide 10197?
True
Does 171 divide 31806?
True
Is 11 a factor of 1657?
False
Is 6 a factor of 660?
True
Is 478 a multiple of 13?
False
Is 19550 a multiple of 23?
True
Is 16 a factor of 384?
True
Is 2170 a multiple of 14?
True
Is 38204 a multiple of 74?
False
Is 121 a factor of 3872?
True
Does 32 divide 5434?
False
Does 32 divide 928?
True
Is 12876 a multiple of 11?
False
Is 38 a factor of 418?
True
Is 18 a factor of 7852?
False
Does 2 divide 4790?
True
Does 12